ppose 2*q - 98 = 4*r, 3*q + 7*r - 122 = 8*r. Suppose 0 = k + z - 69, -79 = -2*k + z + 44. Let v = k - q. What are the prime factors of v?
5
Let x be (7 + (1 - 4))*1/2. Suppose x*m = f - 2, -f - 4*m + 31 = 11. What are the prime factors of f?
2
Suppose -z + 6*z = -2*a + 22, 4*z - 16 = 0. Let u be (a + 0)*(-22 + 11). List the prime factors of (-2)/(-1) + 0 - u.
13
Let u = 617 + -386. What are the prime factors of u?
3, 7, 11
Suppose -2*x - 2*i = -4*i - 136, 5*x = -2*i + 305. Suppose -3*u = w - 87 - x, 0 = u + 3*w - 42. What are the prime factors of u?
3, 17
Suppose -8*b + b = -518. Let s = b - -55. What are the prime factors of s?
3, 43
Suppose -700 = -3*r - 2*f, -3*r - 4*f = 288 - 980. Suppose 0 = -h - h + r. List the prime factors of h.
2, 59
Suppose w - 6 = -w. Suppose -w*g = 12, f - 4*f + 45 = -3*g. What are the prime factors of f?
11
Suppose 0 = -2*z + c - 1, c + 0 = 3*z + 1. Suppose 0 = 4*p + 16, -84 = -4*f - z*f + p. List the prime factors of 42/(-15)*f/(-8).
7
Let y be 165550/(-21) - 2/3. Let k be y/(-48) - 2/8. Let f = k + -106. List the prime factors of f.
2, 29
Let j(q) = q**2 - 7*q. Let w be j(9). Suppose 15*s + 75 = w*s. What are the prime factors of s?
5
Let d = 20 - 6. Let q(o) = -5 - 5*o**2 + 6*o**2 + d - 5*o. List the prime factors of q(6).
3, 5
Suppose -26*i + 17*i + 2448 = 0. List the prime factors of i.
2, 17
Let m = 7677 - 4144. List the prime factors of m.
3533
Let s be 2 - -2 - (-12)/(-6). Suppose 0 = -2*y - s*v - 6, 2*y + 5*v - v + 12 = 0. Let w = y + 45. What are the prime factors of w?
3, 5
Let p(c) = 2*c**3 - c**2 + c + 2. Let y be p(-2). Let m = -69 - -93. Let w = y + m. What are the prime factors of w?
2
Suppose i = 5*i - 8. Suppose i*o - 4 = 2*p, 4*o - 2*o - 8 = 4*p. Suppose -2*r = 3*v - v - 8, r - 3*v - 12 = o. List the prime factors of r.
2, 3
Suppose -2086*c - 2872 = -2088*c. List the prime factors of c.
2, 359
Let c(z) = 4*z - 14. Let t(k) = k**3 + k**2 + 18. Let w be t(0). What are the prime factors of c(w)?
2, 29
Let d(w) = 204*w**2 + 22*w - 60. List the prime factors of d(3).
2, 3, 307
Let n = 2158 + -971. What are the prime factors of n?
1187
Let y = -206 - -274. List the prime factors of y.
2, 17
What are the prime factors of (62 + -130)*(-23 - 0)?
2, 17, 23
Let k be (20/(-25))/(4/(-10)). Suppose -165 = -k*r - 455. Let o = -94 - r. List the prime factors of o.
3, 17
Let a = -75 - -227. What are the prime factors of a?
2, 19
Let z(m) = m**3 + 5*m**2 + 3*m - 3. Let g be z(-4). What are the prime factors of g*(1 - (-71 + -1))?
73
Suppose 5*g + 26 = -o, 2*g + 6 = -0*g. Let u = 26 + o. List the prime factors of u.
3, 5
Let j(v) = -v**2 - 8*v + 66. List the prime factors of j(-11).
3, 11
Let p = 112 + 223. What are the prime factors of p?
5, 67
Let s(q) = q + 33. Suppose 4*i + 2*y + 10 = -10, -5 = i + y. Let c(n) = -n - 22. Let k(f) = i*s(f) - 8*c(f). What are the prime factors of k(15)?
2, 7
Let v = -201 - -289. What are the prime factors of v?
2, 11
Suppose 4620 = -a + 6*a. Suppose 10*y = -a + 3034. List the prime factors of y.
211
Suppose 15*x + 23382 = 33*x. List the prime factors of x.
3, 433
Suppose i = -i + 10, 3*g - 4183 = 4*i. What are the prime factors of g?
3, 467
Suppose -24*d + 21*d = -534. List the prime factors of d.
2, 89
Let w be (0 - 8)*1*7. What are the prime factors of ((-52)/(-16) + 2)/((-3)/w)?
2, 7
Let h = 92 + -83. List the prime factors of 7 - 57/h - 226/(-3).
2, 19
Suppose j - 5*j = -276. What are the prime factors of j?
3, 23
Suppose 11*p = 9*p + 4. Suppose 9*k - 14*k + 50 = 0. Suppose 4*c + 4*o = p*o + k, -2*c - 4*o - 10 = 0. List the prime factors of c.
5
Let x = -38 - -342. What are the prime factors of 12/66 - x/(-22)?
2, 7
Let r = -153 - -270. List the prime factors of r.
3, 13
Suppose 4*h + 2*w = w + 6134, 2*h + 4*w - 3060 = 0. What are the prime factors of h/39*6/4?
59
Let n(x) = -x - 6. Let d be n(-8). Suppose 0 = d*f - f - 33. What are the prime factors of f + (-3 - -4)*-2?
31
Let u(r) = 40*r - 3. Let k be u(5). Suppose -3*p = -4*g + k, -2*g + p + 14 = -87. List the prime factors of g.
53
Suppose -4*r - 318 = -3*q, -2*r - 431 = -4*q + r. List the prime factors of q/(-2)*(5 - 6)*1.
5, 11
Suppose 0*m = -3*m + 6. Suppose -55 = 5*h + 2*y, -5*h + m*y + y - 80 = 0. Let g = h - -39. What are the prime factors of g?
2, 13
Let r = -26 - -28. Let g = -9 - -21. Let n = r + g. What are the prime factors of n?
2, 7
Let n = -5 + 11. Let k = -284 + 288. List the prime factors of (n/4)/(k/128).
2, 3
What are the prime factors of 197 - -19 - (0 - 4)?
2, 5, 11
Let f(w) = w**3 - 4*w**2 - 2*w + 6. Let p be f(4). Let k(s) = -40*s + 4. Let g be k(p). Suppose 3*i + i = g. List the prime factors of i.
3, 7
Suppose -2*g = 2, 2*g + 2 - 15 = -5*z. Suppose 0 = y - t + 2, 0 = -2*y + 4*t - z*t - 8. Let d = y + 22. List the prime factors of d.
2
Suppose 0 = 2*w - 5*p + 3, -12 = 4*p - 0*p. What are the prime factors of 104 - -2*w/6?
101
Let v = 30 + -8. Let q(j) = j**3 + 18*j**2 + 12. Let g be q(-18). Let f = v + g. List the prime factors of f.
2, 17
Suppose -4*z + 3 + 65 = 0. Suppose -1115 = 12*j - z*j. List the prime factors of j.
223
Let g(r) = r**2 - 4*r - 9. Let w be g(-4). Suppose 4*o - k - w = 2, -2*o = 2*k. List the prime factors of (52/o - 0)*5.
2, 13
What are the prime factors of 8156/(-3)*(-9)/12?
2039
Let i(t) = 6*t**3 + 8*t**2 + t + 24. List the prime factors of i(7).
3, 827
What are the prime factors of (-4)/9 + 166240/144?
2, 577
Suppose -6*y + 4*y - 2*d = -3420, d + 2 = 0. What are the prime factors of y?
2, 107
Suppose l + 6 = h, 5*l - 13 = 3*h - 37. Suppose n + 236 = 4*v, -v + 52 + 20 = h*n. List the prime factors of v.
2, 3, 5
Suppose 0 = 26*m - 20650 - 19312. What are the prime factors of m?
29, 53
Suppose -5*x = 0, 3*o - 3*x = -x + 27. Let f be (0 + 3)/((-9)/(-6)). Suppose -3*l = -f*w + o, -w - 24 = -2*w - 5*l. What are the prime factors of w?
3
Let c(q) = 96*q - 91. What are the prime factors of c(9)?
773
Suppose -7*c = -13938 - 21363. What are the prime factors of c?
3, 41
Let f(u) = -2*u + 109. What are the prime factors of f(13)?
83
Suppose 5*a = t + 1479 - 96, 4*t = -12. List the prime factors of a.
2, 3, 23
Let l(y) = -3*y**3 - y**2 + 4*y - 6. Let s be l(-5). Suppose -9*u - s = -11*u. What are the prime factors of u?
2, 3
Let y be 117/(-21) - (-8)/14. Let u be (-1 - -4)*(6 + y). Suppose 2*z - 4*r - 150 = -3*z, 5*z - 150 = u*r. List the prime factors of z.
2, 3, 5
Let k(g) = 44*g**2 + 3*g - 36. List the prime factors of k(8).
2, 701
Let l(v) = -247*v - 25. Let a be l(-3). Suppose 2*z - a = -4*x, -350 = 3*x - 5*x - 3*z. What are the prime factors of x?
181
Suppose 0 = -11*o + 41401 - 657. List the prime factors of o.
2, 463
Suppose 10*t - 9571 + 2811 = 0. List the prime factors of t.
2, 13
Let l be 3/((-112)/(-108) + -1). Let j = 33 + l. List the prime factors of j.
2, 3, 19
What are the prime factors of 153/51 + -1 + -2 - -2178?
2, 3, 11
Suppose 0 = 2*k - 0*w + 4*w - 24, -3*w - 6 = 0. Let f be (-3)/1 + (k - -7). List the prime factors of (2 - 2 - -2) + f.
2, 11
Let j be (30/5)/(9/(-6)). Let v be (54/j)/(63/(-168)). List the prime factors of ((-348)/v)/(1/(-3)).
29
Suppose 0 = 6*g - 2*g - 32. Suppose -g*r = -r - 315. What are the prime factors of r?
3, 5
Let l(q) = -q. Let d(o) = 2*o**2 - 4*o. Let s be d(-3). Suppose -4*j = -j + s. List the prime factors of l(j).
2, 5
Suppose -11*a + 7825 = -4044. List the prime factors of a.
13, 83
Let p = 24 + 18. Suppose p*s - 47*s = -330. What are the prime factors of s?
2, 3, 11
Let h be 34/(-119) - 74/(-14). Let q(p) be the second derivative of p**5/20 - 5*p**4/12 + p**3 + 7*p**2/2 - p. List the prime factors of q(h).
37
Suppose -4*u + 5*v = -5548, 7*u = 5*u + v + 2768. What are the prime factors of u?
2, 691
Suppose -5*i = n - 3283, 3*n - 178 = -i + 487. List the prime factors of i.
2, 41
Let q(r) be the third derivative of -1/8*r**4 + 0*r + 0 + 2*r**2 - 13/6*r**3. What are the prime factors of q(-9)?
2, 7
Suppose n + 34 - 81 = 0. Suppose 0 = p + 6 - n. What are the prime factors of p?
41
Suppose 6*r + 0*r = 1008. What are the prime factors of r/(0 - -3) - (2 + 1)?
53
Let s = -635 - -1706. List the prime factors of s.
3, 7, 17
Suppose 0 = 3*m - 3, -3*r = -3*m - 7485. What are the prime factors of r?
2, 3, 13
Let h = 24 - 30. Let p(m) = -15